 2*m - n = -13 + 51. Calculate the remainder when m is divided by 1/(39/(-21) - -2).
6
Suppose 0 = 2*d - 4, -7*d + 290 = 4*v - 2*d. Let m = v - 67. What is the remainder when m is divided by 5/2*(-12)/(-10)?
0
Let j = -969 + 1220. What is the remainder when j is divided by 96?
59
Suppose 44*j - 27917 - 11551 = 0. What is the remainder when j is divided by 10?
7
Let k = 85 + -85. Suppose k = 3*l, -4*t - t - l = -100. What is the remainder when (1 + 0)*1*78 is divided by t?
18
Suppose -h - 1 = -6. Suppose 7*p - h*p = 62. Calculate the remainder when p is divided by 17.
14
What is the remainder when 33 is divided by (-3)/(-4) - 6969/(-404)?
15
Suppose 5 = j - 5. Let l = -86 - -90. Suppose -t = 2*n - l*t - 63, -4*t = -n + 19. Calculate the remainder when n is divided by j.
9
Suppose 0 = 3*a + 5*g - 16, -3*g = -2*a - g. Suppose 3*d = 8*d - 270. Calculate the remainder when d is divided by 35/(-10)*-6 - a.
16
Let t(a) be the first derivative of a**4/4 - a**3/3 + 5*a**2/2 - 2*a + 13. What is the remainder when 59 is divided by t(3)?
28
Suppose 2*d + 7 = 13. Suppose d*y - 76 - 32 = 0. Calculate the remainder when 286 is divided by y.
34
Let t(u) = -u**3 + 46*u**2 + 56*u - 34. What is the remainder when t(47) is divided by 13?
12
Let n(a) = 2*a**2 - 69. What is the remainder when n(8) is divided by 62/3 - (-4)/12?
17
What is the remainder when 109 is divided by ((-152)/28 + 2)/((-6)/63)?
1
Let v(a) = a**3 + 17*a**2 + 55*a + 17. Calculate the remainder when v(-12) is divided by 6.
5
Let b(z) = -23*z - 3. Let j be b(-3). Suppose 0 = -3*c + 6*c - j. Suppose 4*y = 403 - 55. What is the remainder when y is divided by c?
21
Let k = 95 - 74. What is the remainder when 182 is divided by k?
14
Let q(w) = 2*w**2 + 4*w + 6. Suppose -132 = -5*j + 8. Calculate the remainder when j is divided by q(-3).
4
Suppose -2*z = -5*q - 2 + 14, z = -1. Calculate the remainder when 48 is divided by (-156)/(-15) - q/5.
8
Let q(y) = -3*y - 4 - 3*y - 2 - 5*y. Calculate the remainder when 29 is divided by q(-2).
13
Let n = -222 - -590. What is the remainder when n is divided by 74?
72
Suppose -w + 13 + 9 = 0. Calculate the remainder when 86 is divided by w.
20
Let o = 17 + -8. Let d = 2695 - 2680. Calculate the remainder when d is divided by o.
6
Suppose 0 = -2*q + 5*y + 1103 + 390, 3*y = -3*q + 2208. Calculate the remainder when q is divided by 106.
103
Let a(h) be the second derivative of -h**4/12 + 3*h**3/2 + 17*h**2/2 + 4*h. What is the remainder when 152 is divided by a(7)?
28
Let x(q) = -q**3 - 8*q**2 - q - 13. What is the remainder when x(-9) is divided by 23?
8
What is the remainder when 24612/35 + 9/(-45) is divided by 15?
13
Calculate the remainder when 254 is divided by (9 - (-84)/(-9))*-153.
50
Suppose -17*c + 8551 - 1955 = 0. Calculate the remainder when c is divided by 10.
8
Let r(n) = -n**3 + 4*n**2 - 5*n + 4. Let h be r(3). Let d be h - (-5)/(15/9). Let g(w) = 34*w - 1. What is the remainder when 65 is divided by g(d)?
32
Let f(r) = 2*r - 5. Let b(m) = m - 2. Let j(h) = 5*b(h) - 3*f(h). Let z be j(4). Calculate the remainder when 2 is divided by (1 - 3)*(-2 + z).
0
Suppose -3 = -4*g - 27. Let j be (-16 - -2)/(4/g). Calculate the remainder when 490/j*6/4 is divided by 9.
8
Suppose 1617 = 4*k + 9. What is the remainder when k is divided by 45?
42
Let l(p) = -p**2 + p - 1. Let i be l(1). Let w(a) = -57*a + 25 - 25. What is the remainder when w(i) is divided by 15?
12
Suppose 3*z - v - 42 = 2*v, 0 = z - 2*v - 11. Let o = z - 22. Let w(b) = b**3 + 6*b**2 + 4*b - 1. What is the remainder when 10 is divided by w(o)?
2
Suppose 30 = s + 4*m, 0 = s + 5*m - 8*m + 5. Calculate the remainder when 198 is divided by s.
8
Let f(q) = q**3 + 6*q**2 - 9*q - 1. Let j = 38 + -44. Calculate the remainder when f(j) is divided by 18.
17
Suppose 3*y + 354 = -3*y. Let a = y + 77. Calculate the remainder when a is divided by 3.
0
Suppose -2*o - 1 = -21. Calculate the remainder when (-480)/(-7) - 243/(-567) is divided by o.
9
Suppose 4*x + 5*x = -81. Let t = 26 - x. Calculate the remainder when 134 is divided by t.
29
Let h = -66 + 66. Suppose h = -v + 2, 0*b - 66 = -3*b + 3*v. What is the remainder when b is divided by 13?
11
Let m(y) = -y**2 - 11*y - 6. Let b be m(-9). Let z = -8 + b. Suppose z*q - 8*s - 36 = -6*s, 24 = 4*q - 5*s. Calculate the remainder when 19 is divided by q.
8
Suppose 190*d - 191*d + 62 = 0. What is the remainder when d is divided by 5?
2
Let f be (-12)/20 - 232/(-20). Let o(s) = 2*s - 11. Calculate the remainder when o(f) is divided by 8.
3
Let r = -9 + 9. Suppose 3*y + r*y = 21. Let a = y + -3. Calculate the remainder when 14 is divided by a.
2
Let u(x) be the third derivative of -x**5/60 - 5*x**4/8 - 4*x**3/3 - 9*x**2. Calculate the remainder when u(-13) is divided by 10.
8
Suppose -11*m = -9*m - 224. Suppose 34 = -6*v + m. What is the remainder when 23 is divided by v?
10
Let t(j) = 2*j**2 - 31*j - 39. Let s be t(18). Suppose 14*y = 17*y - s. What is the remainder when 116 is divided by y?
14
What is the remainder when ((-13 - -1) + 11)*-140 is divided by 35?
0
Let m = 20 - -3. What is the remainder when 109 is divided by m?
17
Let z = -11 + 19. Let r(u) = -5*u**2 + 153*u - 210. What is the remainder when r(29) is divided by z?
6
Let b = 44 + -7. Suppose 3*d + b = 142. Calculate the remainder when d is divided by 9.
8
Let g(j) = -j**3 + 11*j**2 + 14*j - 14. Suppose -246 = 5*h - 931. Let x = h + -98. Calculate the remainder when x is divided by g(12).
9
Let a(z) = -15*z + 1. Let q = -8 - -5. Let x be a(q). Suppose 3*g - g - x = 0. What is the remainder when g is divided by 12?
11
Let m(b) = -23*b - 19. Let q(h) = -8*h + 7 - 3*h - 16. Let x(c) = 3*m(c) - 7*q(c). What is the remainder when x(3) is divided by 11?
8
Suppose 4*j - 4 = -o + 13, o - 5*j = -1. Let x = -21 + 28. Calculate the remainder when 2/x - 618/(-42) is divided by o.
6
Calculate the remainder when (-1490)/(-4)*(-88)/(-220) is divided by 4.
1
What is the remainder when 0 + (-152)/(-1) - 4 is divided by 28?
8
What is the remainder when 266 + (2 - -5 - 4) + -4 is divided by 14?
13
Let c(p) = -3*p - 72. What is the remainder when c(-40) is divided by 22?
4
Let r(f) = -6*f**2 - 14*f**2 + 21*f**2 + 3. What is the remainder when 154 is divided by r(-6)?
37
Suppose 2*n - 88 = o, 7*o - 3*o - 200 = -4*n. Calculate the remainder when 216 is divided by n.
32
Suppose -5*u + 5*m = -990, 2*m - 192 = -5*u + 4*u. What is the remainder when u is divided by 68?
60
Let i = -440 - -538. What is the remainder when i is divided by 20?
18
Suppose n = 8*q - 10*q + 569, 2*q - 559 = -3*n. Calculate the remainder when q is divided by 49.
42
Let q = 35 + -169. Let x = 9 - q. Calculate the remainder when x is divided by 29.
27
Let p = 624 - 530. Calculate the remainder when p is divided by 32.
30
Let x(v) = -9*v - 54. Let o be x(-7). Suppose o*b = 7*b + 66. Calculate the remainder when 95 is divided by b.
29
Let w(i) = 55*i + 93. Calculate the remainder when w(4) is divided by 29.
23
Let t(v) = -7*v**2 + 351*v + 44. Suppose -4*r + 3*y + 145 = 0, -4*r + y - 99 = -7*r. Calculate the remainder when t(50) is divided by r.
26
Let f(o) = -o**3 + o**2 - 5*o - 5. Calculate the remainder when 135 is divided by f(-3).
43
Let r be -3*(-1 + 215/15). What is the remainder when 115 is divided by 3*r/(-6)*3/2?
25
Suppose 0 = 32*c - 36*c + 196. Suppose 0 = 6*j + j - c. Calculate the remainder when j is divided by 2.
1
Let f = -74 + 81. Calculate the remainder when 19 is divided by (-3)/(6/(-2))*f.
5
Let t = -206 - -269. What is the remainder when t is divided by 11?
8
Suppose -9*o - 38*o = -9306. Calculate the remainder when o is divided by 25.
23
Suppose -63 = 4*m - 5*m. Suppose -m = -4*o + o. What is the remainder when o is divided by 6?
3
Let g = 1185 + 146. What is the remainder when g is divided by 29?
26
Suppose 5*k + 2*p + 8 - 98 = 0, 0 = -5*p - 25. Calculate the remainder when 77 is divided by k.
17
Suppose 2*w - 12 = 348. Suppose 0 = 3*z + 3*i + 2*i - 135, 0 = -4*z - 4*i + w. Calculate the remainder when z is divided by 12.
9
Calculate the remainder when 244 is divided by (3 + -17)/(87/(-27) + 3).
55
Suppose -75*v + 100*v = 300. What is the remainder when 30 is divided by v?
6
Let d(c) = -3*c - 19. Let t be d(5). Let k = t + 54. Calcul